t t be c(3). Suppose -2*l = 3 - t. What is the units digit of l?
2
Let l(z) = -5*z**2 - 1. Let d be l(3). What is the units digit of -2 - d - (9 - 10)?
5
Suppose 0*k = -2*k. Suppose k + 2 = m. Suppose m*f - 10 - 16 = 0. What is the units digit of f?
3
Let x(n) = 8*n**2 + n + 1. Let h be x(-1). Let u = h - -12. What is the tens digit of u?
2
Suppose 0 = -2*x - x + 45. What is the tens digit of (-1)/3 + 215/x?
1
Let o = 2 - -16. What is the tens digit of o?
1
Let w(l) = -21*l + 11. What is the units digit of w(-10)?
1
Let z = 4 + -4. Suppose z*r + 4*r - 16 = 0. What is the units digit of r?
4
Let v = 5 - 4. What is the tens digit of 43 + (v - (-2 + 3))?
4
Let p be 3 + 4*(-4)/(-16). Suppose p*z = 50 + 38. What is the tens digit of z?
2
Suppose 5*u = 4*g + 50, 4*u - 32 = 3*g + 3*u. Let z = g - -5. What is the units digit of 1/(-1 + (-6)/z)?
5
Let r = -13 + 230. What is the hundreds digit of r?
2
What is the hundreds digit of 945/6 - 2/4?
1
Let y(k) = k**2 - 5*k + 1. Let o be y(4). Let d be 26/o*(-18)/4. Suppose -5*q + d = -11. What is the tens digit of q?
1
Suppose -77 = 3*i - 14. What is the units digit of (36/i)/((-2)/14)?
2
Let h(m) = -m + 4. Suppose -2*x = -4*y - 24, 4*x + y - 1 = 2. Let l be h(x). Suppose -5*s + 5*i = -45, -4*s - 6 = -l*i - 50. What is the units digit of s?
3
Let q = -39 + 73. What is the tens digit of q?
3
Suppose 0*p - 174 = -6*p. What is the units digit of p?
9
Let d be 6/(-3)*7/(-2). Let t(f) = 10*f**2. Let h be t(1). Let z = h - d. What is the units digit of z?
3
What is the tens digit of (-20 - -16)*(-14 - 0)?
5
Suppose 3*r - 4*d - 844 = -0*d, r - 4*d = 284. Suppose o - r = -3*o. Suppose -5*l = 5*y - o, -y - 4*l + 6 = l. What is the units digit of y?
6
Suppose 5*f - c = 271, 5*f - 227 = -3*c + 40. What is the tens digit of f?
5
Suppose -10*i + 2981 = -769. What is the units digit of i?
5
What is the units digit of (20/6)/5*141?
4
Let y be ((-24)/15)/(2/(-15)). Suppose 6*o - 2*o - y = 0. What is the units digit of o?
3
Suppose 0 = -p - 4*w + 3, -p + 3 = 7*w - 2*w. Let a(c) be the third derivative of -c**5/60 + 5*c**4/24 - c**3/3 - c**2. What is the units digit of a(p)?
4
Suppose n - 4 = -2*y, 4*n - 6 = -3*y + 3*n. What is the units digit of y?
2
Let b(c) = -3*c**3 - 3*c**2 - 3 + 1 - c - 3*c**3 + 7*c**3. What is the units digit of b(4)?
0
What is the tens digit of ((-3)/(-5) + (-1215)/525)*-7?
1
Let c = 47 + -34. What is the units digit of c?
3
Let d(o) = -67*o**3 - o. Let h be d(-1). Let l = h + -46. Suppose 3*y - l = -4. What is the units digit of y?
6
Let f(h) = -3*h - 2. Suppose i = -2*i + 15. Let w be i/(0 - 1) + 1. What is the tens digit of f(w)?
1
Let a(h) = h**2 - h + 5. What is the units digit of a(0)?
5
Let m be 1*-9*(-2)/6. Let b be ((-8)/10)/(10/(-25)). Let s = m + b. What is the units digit of s?
5
Suppose 140 = -4*f + 5*f - 4*b, b - 130 = -f. What is the hundreds digit of f?
1
Suppose -2*z - 2*z + 2*f + 8 = 0, -4*f = 3*z - 28. Suppose 0 = q + z*q - 75. What is the units digit of q?
5
Let a(g) = g + 7. Let c(r) = -2*r - 13. Let h(p) = 7*a(p) + 4*c(p). Let m be h(-9). What is the units digit of 1*(6 + m/(-3))?
4
Let b(m) = 6*m**2 - 3*m + 12. What is the units digit of b(-6)?
6
Let s(b) = -65*b**3 + 2*b**2 + 2*b + 1. What is the units digit of s(-1)?
6
Let g be (-4)/22 - 92/(-22). Suppose 5*s - 135 = 2*s. Suppose -3*l - 4*x = 2*l - s, 0 = -g*x. What is the units digit of l?
9
Let b(a) = 4 - 12*a**2 + 14*a**2 + 3. What is the units digit of b(-3)?
5
Let y be 1*2/(-4)*-14. Suppose -y = 4*i - 19. What is the units digit of i?
3
Suppose 2*z + 2 = -16. Let m be ((-4)/3)/(6/z). Suppose m*y = 6 + 8. What is the units digit of y?
7
Let f be (0 - 2)/(3/(-6)). Suppose -m = -3*m + f. What is the units digit of 4/(m - (2 + -2))?
2
Let o(i) = 15*i + 1. Let v be (-1 + -1)/(-2) + 0. What is the tens digit of o(v)?
1
Suppose 0 = t - 4*u - 16, -3 - 1 = -t + u. Suppose 0 = 4*d - 20, 0*x + 5*x - 2*d = t. Let l = 3 - x. What is the units digit of l?
1
Let n(b) = -3*b + 8*b + 8 - 4*b. Let g be n(-8). Suppose 0 = w - g*w - 7. What is the units digit of w?
7
Let n(t) = -t**2 + 10*t - 9. Suppose -4*x + 9 = -3*x. Let m be n(x). Suppose 0 = -4*d - m*d + 4. What is the units digit of d?
1
Let u = 13 + -2. Let p = 6 + -12. Let j = u + p. What is the units digit of j?
5
Suppose -11*l - 264 = -14*l. What is the tens digit of l?
8
Let t(m) be the second derivative of -7*m**5/10 - m**4/6 + m**2/2 - 3*m. What is the tens digit of t(-1)?
1
Let p(j) = j**2 + 2*j + 1. Let h be p(-2). What is the tens digit of 19 + -4 + h + 1?
1
Suppose -5*b = -738 - 187. What is the tens digit of b?
8
Let f = -4 - -3. Let t(c) = -7*c**3 - c**2 + c + 1. What is the units digit of t(f)?
6
Let p(k) = -5*k**2 + 0*k**2 + 4*k**2 - 7 + 2*k**2 + 3*k. Let g be p(-7). Suppose -g + 1 = -2*i. What is the units digit of i?
0
What is the units digit of (-31)/(1 + 0 + -2)?
1
Let r be 1 + 6*1 + -1. Suppose 10 = -d + r*d. Suppose 2*b - 8 = -d*b. What is the units digit of b?
2
Let f(q) = q**2 + 6*q + 8. What is the units digit of f(-9)?
5
Let z(x) = 10*x - 9. Let l be z(6). Suppose 5*k = 2*k + 5*n + 124, -3*n = 2*k - l. What is the units digit of k?
3
Suppose 138 = m + 2*m. Suppose 3*d - 49 + 8 = 4*j, 4*d = j + m. What is the units digit of d?
1
Let f = 40 - 17. What is the units digit of f?
3
Suppose n - 1 = 0, 4*n = -7*f + 2*f + 949. What is the units digit of f?
9
Let g = 0 + 3. Suppose 4*a - 5*t + 7 = 31, -3*a - g*t = -45. What is the tens digit of a?
1
Suppose -3*s + 48 = 5*t, -4*t - 2*s = s - 39. What is the units digit of 3/t*(-126)/(-2)?
1
Suppose 0*s = 2*s - 4. Let v = s + -2. What is the units digit of (v - (1 + -2))/1?
1
Let m(b) = 28*b**2 + 2*b. What is the units digit of m(1)?
0
Let b be (-5)/(-15) - (-1)/(-3). Suppose -55 = -4*f - 5*i, 3*f - 3*i - 70 - 5 = b. Suppose 0 = -3*w + f + 13. What is the tens digit of w?
1
Let w be (-2 + -16)/3*-1. Let o be w*(-5)/((-45)/(-24)). What is the units digit of (-2)/(-6) + o/(-6)?
3
Let u(v) = v**2 - 3*v. Let p be u(-4). Suppose -l - l + p = 0. What is the tens digit of l?
1
Let w(d) = d**2 + 5*d - 5. Let u be w(-6). Suppose 4 = 40*k - 36*k. What is the units digit of k*(u - -1) - 0?
2
Let p(d) = d**2 + 10*d + 13. Let g = -1 + 16. Suppose 3*j - 5*b + g = -2, 10 = -2*j + 4*b. What is the units digit of p(j)?
4
Let r(f) = -f**3 - 3*f**2 - f - 2. Let b be r(-3). Let u = 0 - b. Let c(q) = -q. What is the units digit of c(u)?
1
What is the tens digit of (55/15)/(1/24)?
8
Let q = -166 - -308. What is the tens digit of q?
4
Let v(p) = p**3 - 10*p**2 - 35*p + 1. What is the units digit of v(13)?
3
Let f(q) = 8*q + 2. Let j(d) = 17*d + 5. Let s(l) = -7*f(l) + 3*j(l). Let g be s(3). Let r = g + 27. What is the tens digit of r?
1
Let o(l) = -l**2 + 2*l + 5. Let n(f) = -f. Let z(u) = -4*n(u) + o(u). What is the units digit of z(6)?
5
Let a(y) = -47*y - 18. What is the hundreds digit of a(-8)?
3
Let n = 86 + -59. What is the units digit of n?
7
Let q(d) = -d + 1. Let f be q(-3). Let z(s) = -10*s**2 + 11 + s - f + 11*s**2. What is the units digit of z(0)?
7
Suppose -5*f + 1053 = -y, 6*y + 10 = 11*y. What is the tens digit of f?
1
Suppose -3*s - 4*c + 2 + 3 = 0, -3*c + 9 = 4*s. Suppose -2*n = s*n - 50. Let v(o) = -o**2 + 11*o - 6. What is the units digit of v(n)?
4
Suppose -2*g + g = -5*w + 25, 0 = 5*g. Suppose 2*o - 10 = -k, k = w*k + 3*o - 35. What is the units digit of k?
8
Let p = -15 - -57. What is the units digit of p?
2
Suppose 2*z + 50 = -3*z. Let p = -7 - z. Suppose p*l - 26 = 19. What is the tens digit of l?
1
Let t = 73 - 40. Suppose -2*g = g - t. Let l = -3 + g. What is the units digit of l?
8
Let o = 0 - -2. Suppose 3*m + 8 = 4*j - m, -3*j = m - 10. Suppose -o*b = -j*b + 9. What is the units digit of b?
9
Suppose -4*x - 6 = -14. Suppose d + x = 0, -4*d + 131 = 3*l - 2*d. What is the units digit of l?
5
Let c = -16 - -16. Suppose c = -w - 0*w + 2. What is the units digit of w?
2
Suppose -5*g + 1 = -14. Suppose -2*v = 2*v + k - 53, -g*v + 37 = -2*k. What is the tens digit of v?
1
Suppose -5*o - 5*f + 35 = 0, 3*f = 4*o + 4*f - 16. Suppose 2*r - 4*d - 18 = 4, o*r - 5*d = 32. What is the units digit of r?
9
What is the hundreds digit of 9120/55 + (-4)/(-22)?
1
Suppose -7 = -0*c - c. What is the units digit of c?
7
What is the hund